 = 79 + 14. What is the remainder when u is divided by -7 + 471/15 - (-4)/(-10)?
21
Let t(v) = -28*v - 40. Let h be t(5). What is the remainder when 197 is divided by (-1)/(-3*(-3)/h)?
17
Let u be (-12)/(-24)*1*-22. Let f = u + 23. Suppose 5*c - 232 = -3*l, 5*c = -l + 117 + 117. What is the remainder when c is divided by f?
11
Suppose 62 - 10 = 2*g. Suppose -3*x - 3*k + 144 = 0, -45*x - 5*k = -47*x + 103. What is the remainder when x is divided by g?
23
Suppose 2*q + 25 = h, -19*q + 18*q - 60 = -3*h. What is the remainder when 70 is divided by h?
13
Let n(t) = -t - 14. Let l be n(-11). Let x = l + 5. Calculate the remainder when (8/3)/(x/15) is divided by 7.
6
Let p be 18/9*67/2. Let t = 164 - p. Calculate the remainder when t is divided by 30.
7
Calculate the remainder when ((-80)/(-3))/((-30)/(-45)) is divided by 11 + (-1 - (0 - -1)).
4
Let s be 2535/60 - (-1)/(-4). What is the remainder when -1*6/(-4)*2380/s is divided by 31?
23
Suppose 6*q - 26 - 40 = 0. What is the remainder when 1615 is divided by q?
9
Let y(b) = 2*b**2 - 11*b + 7. Let o be y(5). What is the remainder when 52 is divided by (-4 + 70/4)*o?
25
Suppose -3*u + 110 = 3*k - 856, 2*k = 4*u + 656. Calculate the remainder when k is divided by 13.
12
Let f(l) = -3*l**2 + 3*l + 10. Let g be f(-2). What is the remainder when g/6*(-636)/8 is divided by 12?
10
Let f = -19 - -47. Suppose 17*w - 14*w - 245 = 5*a, 3*w - 2*a - 242 = 0. What is the remainder when w is divided by f?
24
Suppose -6*h + 16*h + 230 = 0. Let l = h - -32. Suppose -28 = -c - 3*b, -3*c - 2*b = -5*c + 72. What is the remainder when c is divided by l?
7
Suppose -4*z = 2*i - 230, -2*i - 3*i - 223 = -4*z. Suppose 14*r - 240 = -2*r. Calculate the remainder when z is divided by r.
12
Let k(l) = -4*l - 36. Let x be k(-7). What is the remainder when 13 is divided by ((-20)/x + 3)*2?
2
Suppose -2*t - 3*w + 1645 = 3*t, -5*t + 1640 = 2*w. Let d = -188 + t. What is the remainder when (4/3)/4*d is divided by 8?
6
Let p(j) = j**3 - 9*j**2 + 2*j - 13. Let m be p(9). Suppose 0 = -m*w + 7*w - 2. Let x = w + 3. What is the remainder when 19 is divided by x?
3
Let c(f) = f**2 - 16*f + 41. Suppose -5*s + 73 = -s - 5*w, 0 = 5*s + 3*w - 82. What is the remainder when c(s) is divided by 10?
8
Let g(u) = 2*u**3 - 1. Let v be g(-1). Calculate the remainder when 40 is divided by v + (-3 - 0 - -20).
12
Let n = -150 + -6. Let k = n + 235. Calculate the remainder when k is divided by 20.
19
Let v = -10 - 1. Let c = 15 + v. Suppose 2*r - 3*d - 3 = 0, -11*d + 6*d + 34 = r. What is the remainder when r is divided by c?
1
Let n = -88 - -116. What is the remainder when (0 - -81)*(-8)/(-6) is divided by n?
24
Suppose -8*y + 200 = -3*y. Let g be (-130)/(1/(1/(-2))). Suppose 0 = 5*x - 5*s - g, 0*x + 27 = 2*x - s. What is the remainder when y is divided by x?
12
Suppose 0 = 35*j - 29*j - 42. What is the remainder when 105 is divided by j?
0
Let t = 13 + -15. Let c be ((-225)/1)/(-3) + t. Suppose 4*q + q = 20, -5*g = 2*q - c. What is the remainder when 51 is divided by g?
12
Let j be (-6)/(-8) - (-645)/20. Suppose -4*i + 5*x = -j, 2*i + 0*i - 3*x - 19 = 0. What is the remainder when 17 is divided by i + -4 + (-44)/(-4)?
8
Let o(r) = 4*r**2 + 4*r - 6. Let v be o(2). Suppose 0 = -8*j + 50 - v. Suppose 4*g - 16 - 24 = 0. Calculate the remainder when g is divided by j.
2
Let b = 461 - 460. What is the remainder when 15 is divided by b?
0
Suppose -2*h = -6, -7*w + 3*w - 5*h + 263 = 0. Calculate the remainder when w is divided by 17.
11
Let w = -12 - 0. Calculate the remainder when 57 is divided by (-12)/(-16)*w/3 - -35.
25
Suppose -3 = -j + 39. What is the remainder when j + 1 + 2/(-4)*4 is divided by 22?
19
Let d(o) = 4*o - 6. Suppose 15*g - 48 + 18 = 0. What is the remainder when d(4) is divided by g?
0
Let w(u) = -u**2 + 8*u - 12. Let n be w(5). Suppose 3*c + c - 4*q = 80, -4*q = -n*c + 55. Calculate the remainder when 48 is divided by c.
23
Let t(f) = 3*f + 3. Let w be t(5). Suppose 0 = -c + w - 0. What is the remainder when 88 is divided by c?
16
Let h be 1/(-10) - (-891)/110. Suppose 0 = -4*y - 4*k + 212, 247 = 4*y + 5*k - h*k. Calculate the remainder when y is divided by 10.
8
Let d(l) = 3*l**2 - 22*l - 6. Let u(f) = 4*f**2 - 23*f - 6. Let r(c) = 3*d(c) - 2*u(c). Calculate the remainder when 57 is divided by r(21).
12
Suppose 0 = w + 8 - 68. Suppose -2*p = -w - 188. Calculate the remainder when p is divided by 42.
40
What is the remainder when (-3)/9*-9*9/1 is divided by 21?
6
Let u(d) = -8*d - 84. Calculate the remainder when u(-13) is divided by 9.
2
Let h(n) = n**2 + 4*n + 25. Let m be h(-11). Let r = m + -100. What is the remainder when 7 is divided by r?
1
Let p = 19 - 13. What is the remainder when (-34)/(-6)*(9 - p) is divided by (-6)/5*70/(-21)?
1
Suppose -19*m = -60 - 282. Calculate the remainder when 179 is divided by m.
17
Suppose 28*b - 810 = 10*b. Calculate the remainder when 84 is divided by b.
39
Suppose -83*w + 79*w = -292. Calculate the remainder when w is divided by (-2 + 3)/((-1)/(-5)).
3
Let d(i) = -2*i**3 - 2*i**2 - i - 1. Calculate the remainder when (-289)/17*(-4)/4 is divided by d(-2).
8
Let y(g) be the second derivative of g**3/6 + 13*g**2/2 + 9*g. Calculate the remainder when 6 is divided by y(-11).
0
Let k be 2/(-16)*-2 - (-126)/8. Let v = -4 - -7. Calculate the remainder when 45 is divided by (-3)/(v - 51/k).
13
Let p(j) = -13*j + 5. Let r(i) = -13*i + 3. Let a(h) = -6*p(h) + 7*r(h). Calculate the remainder when 114 is divided by a(-3).
24
Let k be (11 - 9) + (-25)/2*-24. Suppose 2*a - 3*u = k, -3*a - 5*u = 2*a - 705. What is the remainder when a is divided by 49?
47
Suppose -184*r + 9202 = -141*r. What is the remainder when r is divided by 376/7 + (-8)/(-28)?
52
Let t = 20 + 15. Suppose 5948 = 26*x + 4206. Calculate the remainder when x is divided by t.
32
Let t(s) = s**2 - 6*s. Let i be t(6). Suppose f + i*f = 5*l + 3, -2*f - 3*l - 7 = 0. Calculate the remainder when 11 is divided by ((-1)/4)/(f/24).
2
Suppose -s + 54 = z, s - 63 = -z - 3*z. Let d = 81 - s. What is the remainder when d is divided by 18?
12
Suppose -7 = 5*u - 2. Let c(x) = x**2 - 14*x - 12. Let d be c(14). What is the remainder when 21 is divided by (-66)/d*(-2)/u?
10
What is the remainder when 25 is divided by ((-27)/(-36))/((-2)/(-16))?
1
Let f(w) = -w**3 - 6*w**2 - 5*w + 3. Let n be f(-6). Let q = n + -18. Calculate the remainder when 55 is divided by q.
10
Let s(g) = 3*g**2 - 5*g + 13. What is the remainder when s(5) is divided by 21?
0
Let t(h) = 3*h**2 - 6*h - 7. Let y be t(5). Let v = 7 + y. What is the remainder when 87 is divided by v?
42
Let d = -51 + 121. Let h = d - 54. What is the remainder when 124 is divided by h?
12
Suppose -3*z + 4 = -2. Let m be 3/(3/8*1). Calculate the remainder when 64 is divided by 55/z*m/10.
20
Let x = -24 + 28. Suppose x = -g - g. What is the remainder when g*((-119)/2)/7 is divided by 6?
5
Let u be -75*3*(-20)/(-36). Let z = 253 + u. Suppose 3*h + 2*h = 10, -4*w = -2*h - z. Calculate the remainder when w is divided by 18.
15
Suppose -8 = w - 13. What is the remainder when 21 is divided by w?
1
Let m be (-3)/12*3 - (-36)/(-16). Let d(a) = 9*a**2 + 13*a + 7. Let g = 3 - -10. What is the remainder when d(m) is divided by g?
10
Let k = -50 + 55. Suppose 135 = -0*p + k*p - 4*j, -4*p - 3*j = -77. Calculate the remainder when 43 is divided by p.
20
Suppose -2*a = -644 + 20. Suppose -a = -3*h - h. Suppose -h = -n - n. What is the remainder when n is divided by 10?
9
Let b(k) = k**2 - 2*k + 68. Let c be b(0). Let w(f) = f**3 + 9*f**2 + 6*f - 7. What is the remainder when (10 + -7)/(6/c) - -1 is divided by w(-8)?
8
Let f be 4/1 + -10 + 6. Suppose 48 = -f*s + s. Let l(b) = b**3 + 4*b**2 - 3*b - 4. Calculate the remainder when s is divided by l(-2).
8
Suppose 953 = 2*c + v, -2375 = -2*c - 3*c - 5*v. Calculate the remainder when c is divided by 48.
46
Suppose 3*n + f = -3*f, 4*n + 3*f - 7 = 0. What is the remainder when (-2)/(-9) + 151/9 is divided by n?
1
Let y be 2/(-6) + 580/12. Suppose 2*o = 3*t - 149, 0*t - o = t - y. What is the remainder when t is divided by 25?
24
Suppose 0 = -2*n + t + 8 + 49, 4*n = -t + 117. Suppose 0 = 7*i - 2*i - 30. What is the remainder when n is divided by i?
5
Suppose -282 = -4*r - 5*v, 8*v +